8).
51
Let l(d) = -190*d + 3409. Determine l(18).
-11
Let t(w) = w**3 + 4*w**2 - 36*w - 73. Calculate t(-9).
-154
Let g(a) = -3*a**2 + 79*a - 51. What is g(27)?
-105
Let h(z) = -41*z**2 - 738*z - 9. What is h(-18)?
-9
Let w(x) = -x**3 + 55*x**2 + 125*x - 612. Calculate w(57).
15
Let c(t) = -84*t - 685. What is c(-8)?
-13
Let f(r) = r**3 + 89*r**2 + 172*r - 155. Determine f(-87).
19
Let c(f) = -214*f + 1702. Determine c(8).
-10
Let h(v) = -11*v**2 + 299*v + 299. Determine h(-1).
-11
Let u(g) = -g**3 - 65*g**2 - 380*g + 11554. Give u(-54).
-2
Let i(o) = -71*o - 738. Determine i(0).
-738
Let y(c) = -18*c**2 - 29*c + 79. Determine y(3).
-170
Let u(h) = -80*h - 981. What is u(-10)?
-181
Let l(m) = m**3 - 31*m**2 - 128*m - 412. Calculate l(35).
8
Let g(f) = 130*f + 303. Give g(-2).
43
Let s(v) = -29*v + 991. Give s(44).
-285
Let b(c) = c**3 - 44*c**2 - 671*c - 53. Determine b(56).
3
Let s(i) = -i**2 - 40*i + 1239. Determine s(21).
-42
Let b(v) = 24*v**2 - 537*v - 3. What is b(22)?
-201
Let i(v) = -153*v - 1251. What is i(-8)?
-27
Let x(w) = -26*w**2 - 4*w + 17. What is x(1)?
-13
Let s(n) = 5*n**3 - 17*n**2 - 17*n + 1. Calculate s(-1).
-4
Let d(a) = 15*a**2 - 93*a + 92. Determine d(1).
14
Let b(q) = -q**2 - 276*q - 11491. What is b(-51)?
-16
Let w(n) = n**3 - 12*n**2 + 31*n - 39. What is w(10)?
71
Let v(c) = 2*c - 65. Calculate v(7).
-51
Let x(l) = -2*l**3 + 28*l**2 + 46*l - 141. Determine x(15).
99
Let u(f) = -f**3 + 20*f**2 - 61*f + 444. Calculate u(18).
-6
Let x(t) = 43*t**2 - 45*t - 78. Determine x(-1).
10
Let j(g) = 27634*g - 193431. Give j(7).
7
Let d(t) = -2*t**2 - 22*t + 128. Determine d(8).
-176
Let q(t) = -t**3 - 152*t**2 - 279*t + 3158. Calculate q(-150).
8
Let y(a) = a**3 - 12*a**2 - 11*a + 85. Determine y(12).
-47
Let j(x) = 6*x**2 - 3*x - 14. Give j(2).
4
Let g(x) = 39*x - 325. What is g(8)?
-13
Let t(g) = -93*g + 7452. Determine t(80).
12
Let c(u) = -3*u**2 - 522*u - 1540. Calculate c(-3).
-1
Let d(b) = 2*b**2 + 20*b + 36. Give d(-8).
4
Let a(s) = -14*s**2 + 42*s + 985. Give a(10).
5
Let n(y) = -y**3 + 41*y**2 + 83*y + 107. Give n(43).
-22
Let m(g) = 7*g**3 - 2*g**2 + 2*g - 11. Give m(0).
-11
Let n(a) = -a**3 - 9*a**2 + 8*a + 40. What is n(-6)?
-116
Let s(h) = -2*h**3 + 17*h**2 - 14*h + 34. Determine s(8).
-14
Let c(p) = 2*p**2 - 22*p - 709. Give c(25).
-9
Let u(q) = q**3 + 116*q**2 + 3282*q - 99. Calculate u(-67).
-32
Let l(q) = -34*q + 354. Give l(12).
-54
Let t(r) = -1222*r**2 - 1217*r - 1. What is t(-1)?
-6
Let h(q) = -340*q**3 + 7*q + 5. Determine h(-1).
338
Let m(h) = -32893*h - 131583. Determine m(-4).
-11
Let k(m) = -m**2 + 9*m - 30. Give k(6).
-12
Let p(y) = -y**3 - 86*y**2 + 25708*y - 128. Calculate p(123).
-5
Let u(b) = -b**2 + 22*b + 60. What is u(22)?
60
Let w(z) = -16*z + 71. What is w(6)?
-25
Let d(l) = -4*l - 42. Determine d(-24).
54
Let d(c) = 22154*c - 177246. What is d(8)?
-14
Let v(x) = -2*x**2 - 26*x + 189. Give v(5).
9
Let n(r) = 4*r**2 - 45*r + 12. Calculate n(11).
1
Let d(n) = -92*n**3 - 2*n**2 + 10*n - 8. Give d(1).
-92
Let i(d) = -3*d**3 - 14*d**2 - 2*d - 13. Calculate i(-6).
143
Let l(c) = 3*c**3 - 3*c**2 - 6*c + 10. What is l(3)?
46
Let o(p) = -2*p**2 + 98*p - 1064. Give o(11).
-228
Let a(d) = -38*d**3 - 3*d + 2. Calculate a(1).
-39
Let o(u) = 10*u**2 - 19*u - 23. What is o(9)?
616
Let d(l) = 9*l - 74. Determine d(6).
-20
Let c(u) = -u**2 - 17*u - 63. What is c(-9)?
9
Let g(i) = 6*i**2 + 5*i - 70. Calculate g(-4).
6
Let x(u) = -11*u - 315. Give x(-7).
-238
Let k(y) = 2*y**2 - 296*y - 4533. Calculate k(-14).
3
Let j(z) = -z**3 - 64*z**2 - 67*z + 471. Calculate j(-63).
723
Let b(j) = -1349*j + 13607. Give b(10).
117
Let l(b) = 2*b**3 + 39*b**2 + 142*b - 159. Determine l(-14).
9
Let d(c) = 31*c - 492. Determine d(16).
4
Let m(s) = -18*s + 305. Determine m(38).
-379
Let a(u) = -141*u - 10399. Determine a(-74).
35
Let z(f) = -47*f**3 - 2*f**2 + 176*f - 347. What is z(2)?
-379
Let k(p) = p**3 - 15*p**2 + 35*p - 545. What is k(15)?
-20
Let m(k) = -12*k - 271. Give m(-22).
-7
Let u(g) = g**2 + 38*g + 138. What is u(-14)?
-198
Let s(w) = -w**2 + 42*w - 371. Give s(25).
54
Let v(x) = 7*x**2 + 426*x - 64. Give v(-61).
-3
Let r(j) = -j**3 + 33*j**2 - 175*j + 90. What is r(27)?
-261
Let w(s) = -4*s**2 - 30*s - 100. Give w(-7).
-86
Let n(j) = -3*j**2 + 247*j. What is n(0)?
0
Let f(j) = -j**2 - 29*j + 18. Determine f(-32).
-78
Let o(c) = 95*c**2 + 133*c + 134. Determine o(-1).
96
Let p(y) = -y**3 + 13*y**2 - 42*y - 6. What is p(7)?
-6
Let o(w) = w**3 - 19*w**2 + 36*w - 108. What is o(19)?
576
Let a(r) = r**3 + 20*r**2 + 31*r - 108. Determine a(-18).
-18
Let g(j) = 51*j - 336. What is g(6)?
-30
Let s(z) = 2*z**2 - 173*z - 6992. Calculate s(-30).
-2
Let v(c) = 21*c + 10. What is v(-3)?
-53
Let x(u) = -u**2 - 5871*u + 23494. Give x(4).
-6
Let g(t) = -9*t + 60. Give g(16).
-84
Let t(w) = w**3 - 14*w**2 - 17*w + 30. Determine t(15).
0
Let u(h) = -77*h + 235. Calculate u(9).
-458
Let t(i) = -184*i - 1472. Give t(-8).
0
Let j(r) = 5*r**3 - 214*r**2 - 26*r - 745. Give j(43).
-14
Let y(d) = -7*d**2 + 45*d + 145. Calculate y(9).
-17
Let v(c) = 408*c + 12704. What is v(-31)?
56
Let v(s) = 90*s + 6273. Calculate v(-70).
-27
Let o(f) = -2*f**3 - 436*f**2 + 876*f - 865. Determine o(-220).
15
Let n(p) = -p**3 - 3*p**2 - 32*p + 73. What is n(2)?
-11
Let i(x) = -2*x**2 + 31*x - 9. Determine i(14).
33
Let z(a) = -a**3 - 16*a**2 + 33*a + 229. Calculate z(-17).
-43
Let t(r) = 8*r**2 + 210*r + 933. What is t(-6)?
-39
Let x(y) = 283*y**3 - 2*y**2 - 4*y - 2. What is x(-1)?
-283
Let w(k) = 6*k**2 - 17*k - 55. Determine w(-4).
109
Let f(i) = i**2 - 87*i + 1884. Calculate f(40).
4
Let v(j) = j**2 - 493*j - 8667. Give v(-17).
3
Let y(t) = -2*t**3 + 5*t**2 - 174*t + 753. Determine y(4).
9
Let t(a) = -2*a - 12. Give t(-12).
12
Let a(x) = -25*x**2 + 667*x - 422. What is a(26)?
20
Let w(p) = -p**3 + 23*p**2 - 24*p + 36. Calculate w(22).
-8
Let u(i) = -i**3 + 6*i**2 - 2*i - 41. Determine u(9).
-302
Let n(u) = 10*u**2 - 2*u - 19. Calculate n(6).
329
Let i(u) = -u**3 + 17*u**2 - 50*u + 273. What is i(15)?
-27
Let g(q) = -14*q**2 + 1932*q + 18. What is g(138)?
18
Let c(v) = v**2 - 41*v + 466. Calculate c(21).
46
Let z(b) = 3*b**2 + 48*b + 103. Calculate z(-14).
19
Let q(g) = -g**3 + 25*g**2 + 45*g + 30. What is q(26)?
524
Let o(p) = -18*p + 738. What is o(39)?
36
Let m(t) = 10*t**2 - 315*t + 159. Calculate m(31).
4
Let q(y) = 39*y - 5029. What is q(129)?
2
Let s(c) = c**3 - 26*c**2 - 403*c + 43. Determine s(-11).
-1
Let q(a) = -230*a - 1846. Calculate q(-8).
-6
Let n(m) = m**2 + 5*m - 133. Give n(10).
17
Let h(a) = -126*a + 1100. What is h(9)?
-34
Let w(t) = 9*t**2 - 55*t + 16. Calculate w(6).
10
Let w(l) = -7*l - 13. Give w(6).
-55
Let h(t) = -t**2 - 27*t - 132. Calculate h(-20).
8
Let j(i) = -3*i**2 - 51*i - 43. Give j(-14).
83
Let q(l) = -59*l - 213. What is q(4)?
-449
Let c(o) = -o**3 + 8*o**2 - 27*o + 79. Give c(6).
-11
Let w(c) = 951*c - 9501. Give w(10).
9
Let a(g) = -91*g + 1431. Calculate a(14).
157
Let l(w) = 231*w - 2079. Determine l(9).
0
Let i(s) = -s**2 + 14*s + 9. Determine i(0).
9
Let t(s) = s**3 - 17*s**2 + 84*s - 241. What is t(7)?
-143
Let v(t) = 106*t + 91. Give v(-1).
-15
Let j(g) = -421*g - 8408. What is j(-20)?
12
Let y(i) = 2186*i - 45910. What is y(21)?
-4
Let d(h) = 3*h**2 + 434*h - 1314. Determine d(3).
15
Let u(o) = o**2 + 144*o + 981. Give u(-6).
153
Let k(n) = n + 828. Determine k(11).
839
Let y(i) = 17*i + 276. Determine y(-19).
-47
Let t(f) = -2*f**2 - 46*f - 102. Calculate t(-22).
-58
Let y(a) = 3*a - 247. Give y(34).
-145
Let p(r) = -r**3 - 3*r**2 - 32*r - 262. What is p(-6)?
38
Let y(m) = -m**2 + 74*m - 1124. Determine y(21).
-11
Let x(y) = 5*y**3 + 62*y**2 + 26*y + 39. What is x(-12)?
15
Let h(o) = 2*o**3 + 6*o**2 + 30*o + 16. What is h(-3)?
-74
Let t(a) = a**3 - 9*a**2 - 19*a + 16. Determine t(11).
49
Let p(x) = -310*x - 2395. Give p(-7).
-225
Let s(a) = 2*a**2 + 66*a - 50. What is s(-31)?
-174
Let l(x) = 41*x**2 + 2*x + 553. What is l(0)?
553
Let n(j) = 11*j**2 + 2607*j + 2601. Determine n(-1).
5
Let m(k) = -1165*k + 12816. Calculate m(11).
1
Let s(x) = 1464*x + 23429. Give s(-16).
5
Let n(r) = -15*r - 923. Calculate n(-62).
7
Let f(i) = i**2 + 4*i + 37. Determine f(-7).
58
Let g(u) = 32*u - 1181. Calculate g(37).
